 f(-14).
4
Let o(p) = -791*p**2 + 7919*p - 31. Determine o(10).
59
Let i(u) = 2*u**2 - 15240*u - 30484. What is i(-2)?
4
Let m(f) = f**2 + 4075*f - 1524882. Calculate m(345).
18
Let n(f) = -f**2 - 10890*f - 1217726. What is n(-113)?
75
Let u(f) = 4*f**2 - 172*f + 1798. Calculate u(19).
-26
Let x(i) = -i**2 + 193*i + 29359. What is x(309)?
-6485
Let s(k) = k**3 + 41*k**2 + 617*k + 10481. Calculate s(-32).
-47
Let y(g) = 32*g**2 + 6672*g + 13310. Calculate y(-2).
94
Let w(p) = -1111*p + 24583. Determine w(22).
141
Let r(c) = -c**3 - 97*c**2 + 848*c + 138847. Calculate r(-89).
7
Let f(w) = -2*w**2 + 43372*w + 1389950. Determine f(-32).
-2
Let z(u) = u**3 + 45*u**2 + 39*u - 91. Calculate z(-44).
129
Let m(u) = u**2 - 764*u + 18521. Give m(25).
46
Let b(u) = 961251*u + 5767513. What is b(-6)?
7
Let d(q) = -q**2 + 4*q - 231. Determine d(19).
-516
Let w(d) = -57*d - 6938. Determine w(-121).
-41
Let i(w) = 2*w**3 + 789*w**2 - 1999*w - 6079. Determine i(-397).
-521
Let p(o) = o**2 - 1400*o + 41072. Calculate p(30).
-28
Let j(a) = a**2 + 1371*a + 46519. What is j(-34)?
1061
Let n(u) = 98*u**3 + 2253*u**2 - 39*u - 354. Calculate n(-23).
14
Let s(k) = -34*k - 2906. Determine s(-70).
-526
Let u(f) = 279*f - 39200. Determine u(140).
-140
Let k(y) = 1717*y + 3955. Give k(-2).
521
Let z(s) = -11*s**2 + 378*s - 753. Calculate z(2).
-41
Let s(w) = -w**3 - 132*w**2 - 1548*w - 455. Give s(-119).
-336
Let g(d) = -24*d**2 - 612*d - 3122. Determine g(-7).
-14
Let z(m) = 2858*m + 171437. What is z(-60)?
-43
Let q(k) = 378253*k + 1891252. Determine q(-5).
-13
Let i(r) = 8*r**2 + 121*r + 124. Calculate i(-16).
236
Let r(q) = 683*q - 11599. Give r(17).
12
Let r(o) = 3*o**3 - 61*o**2 - 7*o + 24. What is r(20)?
-516
Let u(q) = -31*q - 2055. What is u(-65)?
-40
Let h(y) = -507357*y + 5073572. What is h(10)?
2
Let j(z) = -z**3 + 13*z**2 + 9056*z - 117723. What is j(13)?
5
Let z(s) = 20*s**2 - 94*s + 579. What is z(8)?
1107
Let l(c) = -3*c**3 + 1035*c**2 - 2010*c + 693427. Give l(345).
-23
Let o(y) = 85*y + 688. Calculate o(-8).
8
Let g(c) = -44184*c - 10. Calculate g(0).
-10
Let s(f) = -1352*f - 17610. Give s(-13).
-34
Let f(z) = -2*z**3 - 1656*z**2 + 4974*z - 9947. Calculate f(-831).
25
Let i(f) = -5*f**2 + 160*f - 1445. Calculate i(10).
-345
Let o(g) = -54873*g + 219325. Determine o(4).
-167
Let g(o) = -4*o**3 + 324*o**2 + 25*o - 2075. What is g(81)?
-50
Let b(p) = 6*p**2 - 15865*p + 15862. Calculate b(1).
3
Let q(j) = -29*j**3 - 752*j**2 + 50*j - 27. What is q(-26)?
25
Let q(z) = -2923*z + 219205. Calculate q(75).
-20
Let y(r) = 2*r**3 + 39*r**2 + 151*r - 128. Determine y(-6).
-62
Let s(b) = b**3 - 158*b**2 - 349*b + 4648. Calculate s(160).
8
Let z(h) = 84*h**2 - 51*h + 826. What is z(5)?
2671
Let b(i) = -1216*i - 29440. Calculate b(-26).
2176
Let g(f) = -f**3 + 841*f**2 - 55371*f + 217. Give g(72).
1
Let i(j) = -1689*j + 9981. Calculate i(6).
-153
Let r(q) = -q**3 + 77*q**2 + 1113*q - 12769. Calculate r(88).
-9
Let x(m) = m**3 + 40*m**2 + 3016*m + 130271. Give x(-42).
71
Let y(d) = -2*d**2 - 119*d - 450. What is y(-56)?
-58
Let l(w) = w**2 - 250*w + 7243. Determine l(33).
82
Let v(f) = 8*f**2 + 417*f + 3475. What is v(-8)?
651
Let r(h) = h**3 - 175*h**2 + 3165*h - 1294. Calculate r(20).
6
Let v(a) = 3*a**3 - 40*a**2 + 288*a - 3531. Give v(13).
44
Let n(q) = -241*q - 37377. Give n(-155).
-22
Let i(f) = 26*f**2 - 78*f + 258. What is i(3)?
258
Let z(j) = j**3 + 10*j**2 + 100*j + 1063. Give z(-10).
63
Let g(y) = -4*y**3 + 19*y**2 + 14*y - 25. Determine g(6).
-121
Let n(b) = -30381*b - 2308959. Determine n(-76).
-3
Let p(c) = -2*c**2 - 18054*c - 252451. What is p(-14)?
-87
Let b(c) = -736*c - 2964. Determine b(-4).
-20
Let d(l) = 30*l**2 + 514*l + 6. What is d(-6)?
-1998
Let h(b) = -535*b + 112262. Give h(210).
-88
Let p(s) = -3*s**2 + 904*s + 17357. Determine p(-19).
-902
Let o(r) = r**2 - 2595*r + 176747. What is o(70)?
-3
Let z(v) = -117*v**3 - 1173*v**2 - 59*v - 364. Calculate z(-10).
-74
Let h(d) = -d**3 - 50*d**2 + 68*d - 2323. What is h(-52)?
-451
Let t(z) = z**3 - 35*z**2 - 36*z + 33. Give t(36).
33
Let f(b) = -22*b**3 + 25*b**2 + 26. Determine f(3).
-343
Let z(v) = -14*v**3 + 15*v**2 + 1711*v - 1725. Give z(1).
-13
Let a(k) = 51121*k + 408959. Determine a(-8).
-9
Let a(g) = 52*g**3 + 195*g**2 + 9*g + 68. Determine a(-4).
-176
Let u(m) = m**2 - 724*m - 49806. Give u(-63).
-225
Let o(n) = -7147*n + 6838. Calculate o(1).
-309
Let b(k) = 117305*k - 4. What is b(0)?
-4
Let v(q) = -q**2 - 434*q - 46288. Give v(-189).
17
Let f(k) = 1061*k**2 - 5369*k - 37623. Give f(9).
-3
Let u(d) = 617*d + 79729. Give u(-129).
136
Let q(n) = -8986*n + 2. What is q(0)?
2
Let c(y) = 32634*y + 3948717. Give c(-121).
3
Let h(a) = -5*a**3 - 1012*a**2 - 987*a - 117836. Calculate h(-202).
-70
Let l(h) = -2683*h + 11058. Give l(4).
326
Let q(w) = -608*w - 17252. Determine q(-27).
-836
Let o(g) = -12410*g + 124207. Give o(10).
107
Let u(v) = 2*v**3 + 901*v**2 - 13546*v - 28361. Give u(-465).
4
Let a(f) = -1226*f - 83443. What is a(-68)?
-75
Let z(y) = -26*y**2 + 96*y + 197. Give z(5).
27
Let r(i) = i**3 - 44*i**2 + 40*i - 217. Give r(43).
-346
Let c(v) = -v**3 - 16*v**2 - 34686*v - 554985. Give c(-16).
-9
Let d(l) = 35*l**2 - 446*l + 1304. Determine d(3).
281
Let z(w) = 278*w - 3165. What is z(12)?
171
Let a(i) = -4*i**3 - 10*i**2 + 657*i + 1333. Calculate a(-2).
11
Let i(n) = 256*n - 18038. Determine i(71).
138
Let y(i) = 604*i + 14964. What is y(-21)?
2280
Let h(g) = g**3 - 91*g**2 - 1591*g - 250. Give h(106).
-356
Let p(x) = 12*x**3 - 444*x**2 + 3959*x + 14. Give p(22).
-8
Let b(g) = -79*g - 5578. What is b(-71)?
31
Let j(o) = 24982*o - 674513. Calculate j(27).
1
Let w(p) = -p**2 + 1890*p + 114970. Calculate w(-59).
-21
Let z(l) = -1096*l - 43763. Determine z(-40).
77
Let t(w) = 10*w**3 + 7710*w**2 + 1480*w + 1141085. What is t(-771)?
5
Let u(h) = 3*h**2 + 1808*h - 367001. Determine u(-763).
2
Let y(f) = -855*f**2 - 1069*f - 6. What is y(-2)?
-1288
Let j(l) = -9293*l + 1793566. What is j(193)?
17
Let d(i) = -8*i**2 + 29780*i + 2. What is d(0)?
2
Let d(s) = 350*s + 16448. Give d(-48).
-352
Let w(k) = -k**2 + 22988*k - 413446. Give w(18).
14
Let b(n) = n**2 + 1468*n - 57320. Calculate b(38).
-92
Let p(k) = -k**2 + 3556*k + 790859. Calculate p(-210).
-1
Let c(r) = r**3 - 426*r**2 - r - 973. Give c(0).
-973
Let u(y) = -y**2 + 55*y - 1275. What is u(41)?
-701
Let q(d) = 1355*d - 11130. What is q(7)?
-1645
Let n(j) = 2276524*j - 4553049. Give n(2).
-1
Let v(k) = 2*k**3 + 6*k**2 - 241*k - 2273. What is v(-9)?
-1076
Let s(d) = 132*d**3 - 2634*d**2 - 121*d - 21. What is s(20)?
-41
Let a(q) = -q**2 + 198*q - 2926. Give a(16).
-14
Let z(y) = 7*y**2 - 81*y - 28993. Give z(-59).
153
Let f(t) = t**2 + 1255*t + 8745. Calculate f(-7).
9
Let c(u) = u**3 + 43*u**2 - 54*u + 281. Give c(-44).
721
Let c(i) = 251*i**3 + 2*i**2 - 903*i + 903. Determine c(1).
253
Let p(f) = 2*f**2 + 11911*f + 83286. Determine p(-7).
7
Let f(q) = -q**2 + 92334*q + 738711. Calculate f(-8).
-25
Let d(p) = -9*p**2 - 67155*p - 134288. What is d(-2)?
-14
Let c(q) = -2*q**3 - 145*q**2 - 477*q + 431. Determine c(-69).
17
Let h(z) = 581*z + 208584. Give h(-359).
5
Let h(c) = -2*c**3 + 115*c**2 - 23*c - 1896. Give h(57).
42
Let s(o) = -2*o**3 - 17*o**2 - 717*o - 9547. Determine s(-13).
1295
Let b(s) = -39*s**2 + 2260*s + 109. Give b(58).
-7
Let f(d) = d**2 - 1265*d + 127023. What is f(110)?
-27
Let o(l) = -2*l**2 - 8412*l - 58790. Give o(-7).
-4
Let c(w) = 23*w**3 + 2670*w**2 + 255*w + 2665. Calculate c(-116).
-3
Let s(c) = 6*c**3 - 22*c**2 - 2214*c + 6673. Calculate s(3).
-5
Let j(p) = p**2 - 352*p + 23390. What is j(89)?
-17
Let h(m) = 14*m**2 - 1377*m + 6919. Calculate h(93).
-56
Let y(m) = -54*m + 1606. Determine y(41).
-608
Let r(n) = 2*n**3 - 30*n**2 + 4*n + 31. Give r(13).
-593
Let p(h) = -h**3 - 432*h**2 + 1191*h - 241037. Determine p(-436).
71
Let n(y) = 423*y**2 - 4641*y + 10. Calculate n(11).
142
Let x(y) = 4*y**3 - 259*y**2 - 354*y + 1593. Give x(66).
9
Let f(n) = 402*n + 25693. Determine f(-74).
-4055
Let n(c) = 196*c**2 - 590*c + 394. Give n(2).
-2
Let c(l) = l**3 + 42*l**2 + 202*l + 17. Determine c(-13).
2292
Let o(f) = 1130*f - 6071. Give o(6).
709
Let q(l) = -2*l**2 + 18592*l + 597042. Calculate q(-32).
50
Let w(f) = 18*f